{"id":269,"date":"2020-04-28T14:56:05","date_gmt":"2020-04-28T12:56:05","guid":{"rendered":"https:\/\/bsdistribution.pl\/sklep\/?post_type=product&#038;p=269"},"modified":"2024-08-14T14:23:06","modified_gmt":"2024-08-14T12:23:06","slug":"hask-szampon-do-wlosow-tea-tree","status":"publish","type":"product","link":"https:\/\/bsdistribution.pl\/sklep\/produkt\/hask-szampon-do-wlosow-tea-tree\/","title":{"rendered":"HASK szampon do w\u0142os\u00f3w Tea Tree"},"content":{"rendered":"","protected":false},"excerpt":{"rendered":"<p>Szampon do w\u0142os\u00f3w HASK TEA TREE to seria, wype\u0142niona olejem z drzewa herbacianego i rozmarynem, kt\u00f3ra regeneruje sk\u00f3r\u0119 g\u0142owy, delikatnie usuwa zanieczyszczenia, jednocze\u015bnie od\u017cywiaj\u0105c i nawil\u017caj\u0105c w\u0142osy nadaje im zdrowy wygl\u0105d.<\/p>\n","protected":false},"featured_media":483,"comment_status":"closed","ping_status":"closed","template":"","meta":{"_acf_changed":false,"_et_pb_use_builder":"on","_et_pb_old_content":"","_et_gb_content_width":"","inline_featured_image":false},"product_brand":[],"product_cat":[211,91,17,83],"product_tag":[],"class_list":{"0":"post-269","1":"product","2":"type-product","3":"status-publish","4":"has-post-thumbnail","6":"product_cat-e","7":"product_cat-hask-2","8":"product_cat-pielegnacja-wlosow","9":"product_cat-szampon-2","11":"first","12":"outofstock","13":"purchasable","14":"product-type-simple"},"acf":[],"_links":{"self":[{"href":"https:\/\/bsdistribution.pl\/sklep\/wp-json\/wp\/v2\/product\/269","targetHints":{"allow":["GET"]}}],"collection":[{"href":"https:\/\/bsdistribution.pl\/sklep\/wp-json\/wp\/v2\/product"}],"about":[{"href":"https:\/\/bsdistribution.pl\/sklep\/wp-json\/wp\/v2\/types\/product"}],"replies":[{"embeddable":true,"href":"https:\/\/bsdistribution.pl\/sklep\/wp-json\/wp\/v2\/comments?post=269"}],"wp:featuredmedia":[{"embeddable":true,"href":"https:\/\/bsdistribution.pl\/sklep\/wp-json\/wp\/v2\/media\/483"}],"wp:attachment":[{"href":"https:\/\/bsdistribution.pl\/sklep\/wp-json\/wp\/v2\/media?parent=269"}],"wp:term":[{"taxonomy":"product_brand","embeddable":true,"href":"https:\/\/bsdistribution.pl\/sklep\/wp-json\/wp\/v2\/product_brand?post=269"},{"taxonomy":"product_cat","embeddable":true,"href":"https:\/\/bsdistribution.pl\/sklep\/wp-json\/wp\/v2\/product_cat?post=269"},{"taxonomy":"product_tag","embeddable":true,"href":"https:\/\/bsdistribution.pl\/sklep\/wp-json\/wp\/v2\/product_tag?post=269"}],"curies":[{"name":"wp","href":"https:\/\/api.w.org\/{rel}","templated":true}]}}