{"id":1852,"date":"2023-12-01T09:31:39","date_gmt":"2023-12-01T08:31:39","guid":{"rendered":"https:\/\/bsdistribution.pl\/sklep\/?post_type=product&#038;p=1852"},"modified":"2026-02-23T14:08:00","modified_gmt":"2026-02-23T13:08:00","slug":"pomadka-camaleon-cosmetics-terakota-w-kredce-4g","status":"publish","type":"product","link":"https:\/\/bsdistribution.pl\/sklep\/produkt\/pomadka-camaleon-cosmetics-terakota-w-kredce-4g\/","title":{"rendered":"Pomadka Camaleon Cosmetics bak\u0142a\u017can w kredce 4g"},"content":{"rendered":"<p>Twoje codzienny niezb\u0119dnik: idealna synergia<\/p>\n<p>mi\u0119dzy nawil\u017ceniem, trwa\u0142o\u015bci\u0105 i nieodpartymi kolorami. Intensywny kolor z dodatkowym nawil\u017ceniem. Mi\u0119kkie, kremowe pomadki matowe o konsystencji zapewniaj\u0105 wysokie st\u0119\u017cenie naturalnych sk\u0142adnik\u00f3w aktywnych, kt\u00f3re chroni\u0105 i od\u017cywiaj\u0105 usta: aloesu, dzikiej r\u00f3\u017cy i mas\u0142a kakaowego. Cztery \u0142atwe do po\u0142\u0105czenia i podkre\u015blajace urod\u0119 odcienie:\u00a0 bak\u0142a\u017can, czerwony, terakota i nude.&#8221;<\/p>\n<p>z kwasem hialuronowym wype\u0142niaj\u0105cym zmarszczki i rozja\u015bniaj\u0105cym<\/p>\n<p>wyko\u0144cz\u0105, zapewniaj\u0105 efekt obj\u0119to\u015bci na ustach. Dost\u0119pny w 6 odcieniach (r\u00f3\u017cowy, czerwony, przezroczysty, wi\u015bniowy, per\u0142owy i br\u0105zowy) i 3 wyko\u0144czeniach (magiczny, metaliczny i bezbarwny) z naturalnymi sk\u0142adnikami nawil\u017caj\u0105cymi, kt\u00f3re piel\u0119gnuj\u0105 Twoje usta: olejem z dzikiej r\u00f3\u017cy, olejkiem z pestek winogron i witamin\u0105 E.<\/p>\n","protected":false},"excerpt":{"rendered":"<p>Twoje codzienny niezb\u0119dnik: idealna synergia<\/p>\n<p>mi\u0119dzy nawil\u017ceniem, trwa\u0142o\u015bci\u0105 i nieodpartymi kolorami. Intensywny kolor z dodatkowym nawil\u017ceniem. Mi\u0119kkie, kremowe pomadki matowe o konsystencji zapewniaj\u0105 wysokie st\u0119\u017cenie naturalnych sk\u0142adnik\u00f3w aktywnych, kt\u00f3re chroni\u0105 i od\u017cywiaj\u0105 usta: aloesu, dzikiej r\u00f3\u017cy i mas\u0142a kakaowego. Cztery \u0142atwe do po\u0142\u0105czenia i podkre\u015blajace urod\u0119 odcienie:\u00a0 bak\u0142a\u017can, czerwony, terakota i nude.&#8221;<\/p>\n<p>z kwasem hialuronowym wype\u0142niaj\u0105cym zmarszczki i rozja\u015bniaj\u0105cym<\/p>\n<p>wyko\u0144cz\u0105, zapewniaj\u0105 efekt obj\u0119to\u015bci na ustach. Dost\u0119pny w 6 odcieniach (r\u00f3\u017cowy, czerwony, przezroczysty, wi\u015bniowy, per\u0142owy i br\u0105zowy) i 3 wyko\u0144czeniach (magiczny, metaliczny i bezbarwny) z naturalnymi sk\u0142adnikami nawil\u017caj\u0105cymi, kt\u00f3re piel\u0119gnuj\u0105 Twoje usta: olejem z dzikiej r\u00f3\u017cy, olejkiem z pestek winogron i witamin\u0105 E.<\/p>\n","protected":false},"featured_media":1859,"comment_status":"open","ping_status":"closed","template":"","meta":{"_acf_changed":false,"_et_pb_use_builder":"","_et_pb_old_content":"","_et_gb_content_width":"","inline_featured_image":false},"product_brand":[],"product_cat":[217,211,114,126,130,216],"product_tag":[],"class_list":{"0":"post-1852","1":"product","2":"type-product","3":"status-publish","4":"has-post-thumbnail","6":"product_cat-camaleon-2","7":"product_cat-e","8":"product_cat-kosmetyki-naturalne-2","9":"product_cat-naturalna-pielegnacja-twarzy","10":"product_cat-naturalna-pielegnacja-twarzy-kosmetyki-naturalne-2","11":"product_cat-naturalna-pielegnacja-ust","13":"first","14":"instock","15":"shipping-taxable","16":"purchasable","17":"product-type-simple"},"acf":[],"_links":{"self":[{"href":"https:\/\/bsdistribution.pl\/sklep\/wp-json\/wp\/v2\/product\/1852","targetHints":{"allow":["GET"]}}],"collection":[{"href":"https:\/\/bsdistribution.pl\/sklep\/wp-json\/wp\/v2\/product"}],"about":[{"href":"https:\/\/bsdistribution.pl\/sklep\/wp-json\/wp\/v2\/types\/product"}],"replies":[{"embeddable":true,"href":"https:\/\/bsdistribution.pl\/sklep\/wp-json\/wp\/v2\/comments?post=1852"}],"wp:featuredmedia":[{"embeddable":true,"href":"https:\/\/bsdistribution.pl\/sklep\/wp-json\/wp\/v2\/media\/1859"}],"wp:attachment":[{"href":"https:\/\/bsdistribution.pl\/sklep\/wp-json\/wp\/v2\/media?parent=1852"}],"wp:term":[{"taxonomy":"product_brand","embeddable":true,"href":"https:\/\/bsdistribution.pl\/sklep\/wp-json\/wp\/v2\/product_brand?post=1852"},{"taxonomy":"product_cat","embeddable":true,"href":"https:\/\/bsdistribution.pl\/sklep\/wp-json\/wp\/v2\/product_cat?post=1852"},{"taxonomy":"product_tag","embeddable":true,"href":"https:\/\/bsdistribution.pl\/sklep\/wp-json\/wp\/v2\/product_tag?post=1852"}],"curies":[{"name":"wp","href":"https:\/\/api.w.org\/{rel}","templated":true}]}}