{"id":1787,"date":"2023-04-12T14:03:24","date_gmt":"2023-04-12T12:03:24","guid":{"rendered":"https:\/\/bsdistribution.pl\/sklep\/?post_type=product&#038;p=1787"},"modified":"2023-04-12T15:03:16","modified_gmt":"2023-04-12T13:03:16","slug":"hungry-hair-nawilzajacy-szampon-do-wlosow-300-ml","status":"publish","type":"product","link":"https:\/\/bsdistribution.pl\/sklep\/produkt\/hungry-hair-nawilzajacy-szampon-do-wlosow-300-ml\/","title":{"rendered":"Hungry hair nawil\u017caj\u0105cy szampon do w\u0142os\u00f3w, 300 ml"},"content":{"rendered":"<p>Jeste\u015b tym co jesz, a Twoje w\u0142osy tym czym je &#8222;karmisz&#8221;. &#8222;Nakarm&#8221; swoje spragnione w\u0142osy najlepszymi, zdrowymi i naturalnymi sk\u0142adnikami zawartymi w linii Hungry hair.<\/p>\n<p>Produkty bazuj\u0105 na superfoodsach czyli sk\u0142adnikach od\u017cywczych pochodzenia naturalnego, s\u0105 bogate w antyoksydanty, zawieraj\u0105 substancje energetyzuj\u0105ce, od\u015bwie\u017caj\u0105ce i tonizuj\u0105ce, a wi\u0119c samo dobro dla Twoich w\u0142os\u00f3w. Hungry hair hydroboost shampoo to nawil\u017cajacy szampon do w\u0142os\u00f3w pozbawionych energii, suchych i wymagaj\u0105cy natychmiastowej poprawy kondycji oparty na innowacyjnej, formule, kt\u00f3ra delikatnie, ale dok\u0142adnie oczyszcza w\u0142osy i sk\u00f3r\u0119 g\u0142owy. Zawarte w szamponie sk\u0142adniki zaliczane do Superfoods takie jak ekstrakt z li\u015bci BAOBABU wspomaga nawil\u017cenie, MACA wyg\u0142adza poprzez zwi\u0119kszenie syntezy kolagenu, a olejek JOJOBA idealnie regeneruje mikrouszkodzenia w\u0142os\u00f3w sprawiaj\u0105c, \u017ce pozostaj\u0105 mi\u0142e w dotyku. Szampon ten idealnie usuwa wszelkiego rodzaju zanieczyszczenia, sprawiaj\u0105c, \u017ce w\u0142osy pozostaj\u0105 lekkie, puszyste i dok\u0142adnie oczyszczone.<\/p>\n","protected":false},"excerpt":{"rendered":"<p>Jeste\u015b tym co jesz, a Twoje w\u0142osy tym czym je &#8222;karmisz&#8221;. &#8222;Nakarm&#8221; swoje spragnione w\u0142osy najlepszymi, zdrowymi i naturalnymi sk\u0142adnikami zawartymi w linii Hungry hair. Produkty bazuj\u0105 na superfoodsach czyli sk\u0142adnikach od\u017cywczych pochodzenia naturalnego, s\u0105 bogate w antyoksydanty, zawieraj\u0105 substancje energetyzuj\u0105ce, od\u015bwie\u017caj\u0105ce i tonizuj\u0105ce, a wi\u0119c samo dobro dla Twoich w\u0142os\u00f3w. Hungry hair hydroboost shampoo [&hellip;]<\/p>\n","protected":false},"featured_media":1341,"comment_status":"open","ping_status":"closed","template":"","meta":{"_acf_changed":false,"_et_pb_use_builder":"","_et_pb_old_content":"","_et_gb_content_width":"","inline_featured_image":false},"product_brand":[],"product_cat":[107,17,83],"product_tag":[],"class_list":{"0":"post-1787","1":"product","2":"type-product","3":"status-publish","4":"has-post-thumbnail","6":"product_cat-hungry-hair-2","7":"product_cat-pielegnacja-wlosow","8":"product_cat-szampon-2","10":"first","11":"outofstock","12":"shipping-taxable","13":"purchasable","14":"product-type-simple"},"acf":[],"_links":{"self":[{"href":"https:\/\/bsdistribution.pl\/sklep\/wp-json\/wp\/v2\/product\/1787","targetHints":{"allow":["GET"]}}],"collection":[{"href":"https:\/\/bsdistribution.pl\/sklep\/wp-json\/wp\/v2\/product"}],"about":[{"href":"https:\/\/bsdistribution.pl\/sklep\/wp-json\/wp\/v2\/types\/product"}],"replies":[{"embeddable":true,"href":"https:\/\/bsdistribution.pl\/sklep\/wp-json\/wp\/v2\/comments?post=1787"}],"wp:featuredmedia":[{"embeddable":true,"href":"https:\/\/bsdistribution.pl\/sklep\/wp-json\/wp\/v2\/media\/1341"}],"wp:attachment":[{"href":"https:\/\/bsdistribution.pl\/sklep\/wp-json\/wp\/v2\/media?parent=1787"}],"wp:term":[{"taxonomy":"product_brand","embeddable":true,"href":"https:\/\/bsdistribution.pl\/sklep\/wp-json\/wp\/v2\/product_brand?post=1787"},{"taxonomy":"product_cat","embeddable":true,"href":"https:\/\/bsdistribution.pl\/sklep\/wp-json\/wp\/v2\/product_cat?post=1787"},{"taxonomy":"product_tag","embeddable":true,"href":"https:\/\/bsdistribution.pl\/sklep\/wp-json\/wp\/v2\/product_tag?post=1787"}],"curies":[{"name":"wp","href":"https:\/\/api.w.org\/{rel}","templated":true}]}}