{"id":1780,"date":"2023-04-12T13:42:28","date_gmt":"2023-04-12T11:42:28","guid":{"rendered":"https:\/\/bsdistribution.pl\/sklep\/?post_type=product&#038;p=1780"},"modified":"2023-04-12T15:05:21","modified_gmt":"2023-04-12T13:05:21","slug":"hungry-hair-szampon-wzmacniajacy-z-aminokwasami-i-owocami-zurawiny","status":"publish","type":"product","link":"https:\/\/bsdistribution.pl\/sklep\/produkt\/hungry-hair-szampon-wzmacniajacy-z-aminokwasami-i-owocami-zurawiny\/","title":{"rendered":"Hungry Hair Szampon wzmacniaj\u0105cy z aminokwasami i owocami \u017curawiny"},"content":{"rendered":"<p>Jeste\u015b tym co jesz, a Twoje w\u0142osy tym czym je &#8222;karmisz&#8221;. &#8222;Nakarm&#8221; w\u0142osy \u201esuperfoodsami\u201d naturalnymi sk\u0142adnikami od\u017cywczymi. Hungry Hair Szampon wzmacniaj\u0105cy SUPERFOODS z aminokwasami I owocami \u017curawiny Delikatny z aminokwasami i \u017curawin\u0105, skutecznie myje i od\u015bwie\u017ca sk\u00f3r\u0119 g\u0142owy i w\u0142osy. Specjalna kompozycja sk\u0142adnik\u00f3w kondycjonuj\u0105cych nadaje w\u0142osom mi\u0119kko\u015bci. Koktajl aminokwas\u00f3w chroni przed uszkodzeniami, wzmacnia i silnie nawil\u017ca w\u0142osy. Dodatkowo ekstrakt z \u017curawiny wykazuje dzia\u0142anie antyoksydacyjne, chroni w\u0142osy przed niekorzystnym dzia\u0142aniem czynnik\u00f3w zewn\u0119trznych. Po zastosowaniu szamponu w\u0142osy odzyskuj\u0105 lekko\u015b\u0107, \u015bwie\u017co\u015b\u0107 i dobrze si\u0119 rozczesuj\u0105.Do w\u0142os\u00f3w wypadaj\u0105cych, do w\u0142os\u00f3w normalnych<br \/>\nW\u0142a\u015bciwo\u015bci wzmacniaj\u0105ce.<\/p>\n","protected":false},"excerpt":{"rendered":"<p>Jeste\u015b tym co jesz, a Twoje w\u0142osy tym czym je &#8222;karmisz&#8221;. &#8222;Nakarm&#8221; w\u0142osy \u201esuperfoodsami\u201d naturalnymi sk\u0142adnikami od\u017cywczymi. Hungry Hair Szampon wzmacniaj\u0105cy SUPERFOODS z aminokwasami I owocami \u017curawiny Delikatny z aminokwasami i \u017curawin\u0105, skutecznie myje i od\u015bwie\u017ca sk\u00f3r\u0119 g\u0142owy i w\u0142osy. Specjalna kompozycja sk\u0142adnik\u00f3w kondycjonuj\u0105cych nadaje w\u0142osom mi\u0119kko\u015bci. Koktajl aminokwas\u00f3w chroni przed uszkodzeniami, wzmacnia i silnie [&hellip;]<\/p>\n","protected":false},"featured_media":1695,"comment_status":"open","ping_status":"closed","template":"","meta":{"_acf_changed":false,"_et_pb_use_builder":"","_et_pb_old_content":"","_et_gb_content_width":"","inline_featured_image":false},"product_brand":[],"product_cat":[107,17,83],"product_tag":[],"class_list":{"0":"post-1780","1":"product","2":"type-product","3":"status-publish","4":"has-post-thumbnail","6":"product_cat-hungry-hair-2","7":"product_cat-pielegnacja-wlosow","8":"product_cat-szampon-2","10":"first","11":"outofstock","12":"shipping-taxable","13":"purchasable","14":"product-type-simple"},"acf":[],"_links":{"self":[{"href":"https:\/\/bsdistribution.pl\/sklep\/wp-json\/wp\/v2\/product\/1780","targetHints":{"allow":["GET"]}}],"collection":[{"href":"https:\/\/bsdistribution.pl\/sklep\/wp-json\/wp\/v2\/product"}],"about":[{"href":"https:\/\/bsdistribution.pl\/sklep\/wp-json\/wp\/v2\/types\/product"}],"replies":[{"embeddable":true,"href":"https:\/\/bsdistribution.pl\/sklep\/wp-json\/wp\/v2\/comments?post=1780"}],"wp:featuredmedia":[{"embeddable":true,"href":"https:\/\/bsdistribution.pl\/sklep\/wp-json\/wp\/v2\/media\/1695"}],"wp:attachment":[{"href":"https:\/\/bsdistribution.pl\/sklep\/wp-json\/wp\/v2\/media?parent=1780"}],"wp:term":[{"taxonomy":"product_brand","embeddable":true,"href":"https:\/\/bsdistribution.pl\/sklep\/wp-json\/wp\/v2\/product_brand?post=1780"},{"taxonomy":"product_cat","embeddable":true,"href":"https:\/\/bsdistribution.pl\/sklep\/wp-json\/wp\/v2\/product_cat?post=1780"},{"taxonomy":"product_tag","embeddable":true,"href":"https:\/\/bsdistribution.pl\/sklep\/wp-json\/wp\/v2\/product_tag?post=1780"}],"curies":[{"name":"wp","href":"https:\/\/api.w.org\/{rel}","templated":true}]}}