{"id":551,"date":"2020-04-27T14:08:22","date_gmt":"2020-04-27T12:08:22","guid":{"rendered":"https:\/\/bsdistribution.pl\/sklep\/?page_id=551"},"modified":"2020-12-07T08:17:19","modified_gmt":"2020-12-07T07:17:19","slug":"strona-glowna","status":"publish","type":"page","link":"https:\/\/bsdistribution.pl\/sklep\/","title":{"rendered":"Strona g\u0142\u00f3wna"},"content":{"rendered":"<p>[et_pb_section fb_built=&#8221;1&#8243; _builder_version=&#8221;4.4.1&#8243; custom_padding=&#8221;0px||20px||false|false&#8221;][et_pb_row _builder_version=&#8221;4.4.1&#8243; width=&#8221;100%&#8221; max_width=&#8221;1450px&#8221; custom_padding=&#8221;0px|||||&#8221;][et_pb_column type=&#8221;4_4&#8243; _builder_version=&#8221;4.4.1&#8243;][et_pb_slider _builder_version=&#8221;4.4.6&#8243; text_orientation=&#8221;left&#8221; hover_enabled=&#8221;0&#8243;][et_pb_slide heading=&#8221;Odkryj nasze produkty <\/br> i ciesz si\u0119 zakupami!&#8221; button_text=&#8221;Sprawd\u017a!&#8221; button_link=&#8221;\/sklep\/kategoria-produktu\/kosmetyki-naturalne-2\/&#8221; _builder_version=&#8221;4.4.1&#8243; background_image=&#8221;https:\/\/bsdistribution.pl\/sklep\/wp-content\/uploads\/2020\/04\/lachony.jpg&#8221; background_enable_image=&#8221;on&#8221;]<\/p>\n<p>Teraz masz na to czas.<\/p>\n<p>[\/et_pb_slide][et_pb_slide heading=&#8221;LOVEBAR = LOVE PLANET&#8221; button_text=&#8221;Sprawd\u017a!&#8221; button_link=&#8221;\/sklep\/kategoria-produktu\/marki\/love-bar-2\/&#8221; _builder_version=&#8221;4.4.1&#8243; background_color=&#8221;rgba(0,0,0,0)&#8221; background_enable_color=&#8221;on&#8221; background_image=&#8221;https:\/\/bsdistribution.pl\/sklep\/wp-content\/uploads\/2020\/04\/0A3A6888_CROP_MAIN.jpg&#8221; background_enable_image=&#8221;on&#8221;]<\/p>\n<p>Zakochaj si\u0119 w naturze!<\/p>\n<p>[\/et_pb_slide][et_pb_slide heading=&#8221;G\u0142odne w\u0142osy?&#8221; button_text=&#8221;Sprawd\u017a!&#8221; button_link=&#8221;\/sklep\/kategoria-produktu\/marki\/love-bar-2\/&#8221; _builder_version=&#8221;4.4.1&#8243; background_color=&#8221;rgba(0,0,0,0)&#8221; background_enable_color=&#8221;on&#8221; background_image=&#8221;https:\/\/bsdistribution.pl\/sklep\/wp-content\/uploads\/2020\/04\/IMG_1131_CROP_KAT.jpg&#8221; background_enable_image=&#8221;on&#8221;]<\/p>\n<p>Nakarm je naszymi SUPERFOODSAMI!<\/p>\n<p>[\/et_pb_slide][\/et_pb_slider][\/et_pb_column][\/et_pb_row][et_pb_row _builder_version=&#8221;4.4.1&#8243; custom_padding=&#8221;||0px||false|false&#8221;][et_pb_column type=&#8221;4_4&#8243; _builder_version=&#8221;4.4.1&#8243;][et_pb_text module_class=&#8221;naglow&#8221; _builder_version=&#8221;4.4.1&#8243;]<\/p>\n<h3>Promocje<\/h3>\n<p>[\/et_pb_text][et_pb_shop type=&#8221;sale&#8221; posts_number=&#8221;4&#8243; sale_badge_color=&#8221;#ED008C&#8221; _builder_version=&#8221;4.4.1&#8243; sale_badge_text_color=&#8221;#FFFFFF&#8221; sale_badge_font_size=&#8221;16px&#8221;][\/et_pb_shop][\/et_pb_column][\/et_pb_row][et_pb_row _builder_version=&#8221;4.4.1&#8243;][et_pb_column type=&#8221;4_4&#8243; _builder_version=&#8221;4.4.1&#8243;][et_pb_text module_class=&#8221;naglow&#8221; _builder_version=&#8221;4.4.1&#8243;]<\/p>\n<h3>Nowo\u015bci<\/h3>\n<p>[\/et_pb_text][et_pb_shop posts_number=&#8221;4&#8243; _builder_version=&#8221;4.4.1&#8243;][\/et_pb_shop][\/et_pb_column][\/et_pb_row][et_pb_row column_structure=&#8221;1_5,1_5,1_5,1_5,1_5&#8243; use_custom_gutter=&#8221;on&#8221; gutter_width=&#8221;1&#8243; _builder_version=&#8221;4.4.1&#8243; width=&#8221;100%&#8221; max_width=&#8221;1450px&#8221;][et_pb_column type=&#8221;1_5&#8243; _builder_version=&#8221;4.4.1&#8243;][et_pb_blurb title=&#8221;Twarz&#8221; module_class=&#8221;cat-img&#8221; _builder_version=&#8221;4.4.1&#8243; background_image=&#8221;https:\/\/bsdistribution.pl\/sklep\/wp-content\/uploads\/2020\/04\/twarz.jpg&#8221; link_option_url=&#8221;\/sklep\/kategoria-produktu\/pielegnacja-twarzy\/&#8221;][\/et_pb_blurb][\/et_pb_column][et_pb_column type=&#8221;1_5&#8243; _builder_version=&#8221;4.4.1&#8243;][et_pb_blurb title=&#8221;Cia\u0142o&#8221; module_class=&#8221;cat-img&#8221; _builder_version=&#8221;4.4.1&#8243; background_image=&#8221;https:\/\/bsdistribution.pl\/sklep\/wp-content\/uploads\/2020\/04\/cialo.jpg&#8221; link_option_url=&#8221;\/sklep\/kategoria-produktu\/pielegnacja-ciala\/&#8221;][\/et_pb_blurb][\/et_pb_column][et_pb_column type=&#8221;1_5&#8243; _builder_version=&#8221;4.4.1&#8243;][et_pb_blurb title=&#8221;W\u0142osy&#8221; module_class=&#8221;cat-img&#8221; _builder_version=&#8221;4.4.1&#8243; background_image=&#8221;https:\/\/bsdistribution.pl\/sklep\/wp-content\/uploads\/2020\/04\/wlosy.jpg&#8221; link_option_url=&#8221;\/sklep\/kategoria-produktu\/pielegnacja-wlosow\/&#8221;][\/et_pb_blurb][\/et_pb_column][et_pb_column type=&#8221;1_5&#8243; _builder_version=&#8221;4.4.1&#8243;][et_pb_blurb title=&#8221;M\u0119\u017cczyzna&#8221; module_class=&#8221;cat-img&#8221; _builder_version=&#8221;4.4.1&#8243; background_image=&#8221;https:\/\/bsdistribution.pl\/sklep\/wp-content\/uploads\/2020\/04\/facet.jpg&#8221; link_option_url=&#8221;\/sklep\/kategoria-produktu\/pielegnacja-mezczyzn\/&#8221;][\/et_pb_blurb][\/et_pb_column][et_pb_column type=&#8221;1_5&#8243; _builder_version=&#8221;4.4.1&#8243;][et_pb_blurb title=&#8221;Naturalne&#8221; module_class=&#8221;cat-img&#8221; _builder_version=&#8221;4.4.1&#8243; background_image=&#8221;https:\/\/bsdistribution.pl\/sklep\/wp-content\/uploads\/2020\/04\/Kosmetyki-naturalne.jpg&#8221; link_option_url=&#8221;\/sklep\/kategoria-produktu\/kosmetyki-naturalne-2\/&#8221;][\/et_pb_blurb][\/et_pb_column][\/et_pb_row][et_pb_row column_structure=&#8221;1_4,1_4,1_4,1_4&#8243; _builder_version=&#8221;4.4.1&#8243;][et_pb_column type=&#8221;1_4&#8243; _builder_version=&#8221;4.4.1&#8243;][et_pb_blurb title=&#8221;zwrot do 14 dni&#8221; image=&#8221;https:\/\/bsdistribution.pl\/sklep\/wp-content\/uploads\/2020\/04\/003-refresh_ROZ.svg&#8221; module_class=&#8221;usp-box&#8221; _builder_version=&#8221;4.4.1&#8243;][\/et_pb_blurb][\/et_pb_column][et_pb_column type=&#8221;1_4&#8243; _builder_version=&#8221;4.4.1&#8243;][et_pb_blurb title=&#8221;wysy\u0142ka w 24h&#8221; image=&#8221;https:\/\/bsdistribution.pl\/sklep\/wp-content\/uploads\/2020\/04\/001-truck_ROZ.svg&#8221; module_class=&#8221;usp-box&#8221; _builder_version=&#8221;4.4.1&#8243;][\/et_pb_blurb][\/et_pb_column][et_pb_column type=&#8221;1_4&#8243; _builder_version=&#8221;4.4.1&#8243;][et_pb_blurb title=&#8221;unikatowe marki&#8221; image=&#8221;https:\/\/bsdistribution.pl\/sklep\/wp-content\/uploads\/2020\/04\/004-lotus-flower_ROZ.svg&#8221; module_class=&#8221;usp-box&#8221; _builder_version=&#8221;4.4.1&#8243;][\/et_pb_blurb][\/et_pb_column][et_pb_column type=&#8221;1_4&#8243; _builder_version=&#8221;4.4.1&#8243;][et_pb_blurb title=&#8221;gwarancja jako\u015bci&#8221; image=&#8221;https:\/\/bsdistribution.pl\/sklep\/wp-content\/uploads\/2020\/04\/002-diamond_ROZ.svg&#8221; admin_label=&#8221;Notka&#8221; module_class=&#8221;usp-box&#8221; _builder_version=&#8221;4.4.1&#8243;][\/et_pb_blurb][\/et_pb_column][\/et_pb_row][\/et_pb_section][et_pb_section fb_built=&#8221;1&#8243; _builder_version=&#8221;4.4.1&#8243; background_image=&#8221;https:\/\/bsdistribution.pl\/sklep\/wp-content\/uploads\/2020\/04\/tlo_kremiki.jpg&#8221;][et_pb_row column_structure=&#8221;1_2,1_2&#8243; _builder_version=&#8221;4.4.1&#8243;][et_pb_column type=&#8221;1_2&#8243; _builder_version=&#8221;4.4.1&#8243;][et_pb_blurb title=&#8221;Co robimy&#8221; module_class=&#8221;naglow-notka&#8221; _builder_version=&#8221;4.4.1&#8243;]Jeste\u015bmy nowoczesn\u0105 i kreatywnie zarz\u0105dzan\u0105 firm\u0105 o og\u00f3lnopolskim zasi\u0119gu, ze 100% polskim kapita\u0142em.<br \/>\nSwoj\u0105 dzia\u0142alno\u015b\u0107 opieramy na czterech filarach dystrybucji, tworzeniu i produkcji marek w\u0142asnych, consultingu oraz szeroko rozumianej logistyce, od magazynowania po etykietowanie. Jako firma dystrybucyjna i produkcyjna jeste\u015bmy skoncentrowani na kreatywnym, pod\u0105\u017caj\u0105cemu za trendami rozwoju portfolio produkt\u00f3w, nowoczesnym podej\u015bciu marketingowym oraz na d\u0142ugofalowej wsp\u00f3\u0142pracy z partnerami handlowymi.[\/et_pb_blurb][\/et_pb_column][et_pb_column type=&#8221;1_2&#8243; _builder_version=&#8221;4.4.1&#8243;][et_pb_blurb title=&#8221;Nasze marki&#8221; module_class=&#8221;naglow-notka&#8221; _builder_version=&#8221;4.4.1&#8243;]<\/p>\n<p>Tworzymy przy wsparciu technolog\u00f3w innowacyjne receptury produkt\u00f3w, kt\u00f3re oferujemy sieciom pod markami w\u0142asnymi lub markami na wy\u0142\u0105czno\u015b\u0107, zajmujemy si\u0119 wi\u0119c kompleksowym tworzeniem produktu od A do Z, wraz z brandingiem, kreacj\u0105 opakowania oraz wsparciem marketingowym.<\/p>\n<p><img loading=\"lazy\" decoding=\"async\" src=\"https:\/\/bsdistribution.pl\/sklep\/wp-content\/uploads\/2020\/04\/Warstwa-5.png\" alt=\"\" class=\"wp-image-871 alignright size-full\" width=\"65\" height=\"66\" \/><\/p>\n<p>[\/et_pb_blurb][\/et_pb_column][\/et_pb_row][\/et_pb_section]<\/p>\n","protected":false},"excerpt":{"rendered":"<p>Teraz masz na to czas.Zakochaj si\u0119 w naturze!Nakarm je naszymi SUPERFOODSAMI!PromocjeNowo\u015bciJeste\u015bmy nowoczesn\u0105 i kreatywnie zarz\u0105dzan\u0105 firm\u0105 o og\u00f3lnopolskim zasi\u0119gu, ze 100% polskim kapita\u0142em. Swoj\u0105 dzia\u0142alno\u015b\u0107 opieramy na czterech filarach dystrybucji, tworzeniu i produkcji marek w\u0142asnych, consultingu oraz szeroko rozumianej logistyce, od magazynowania po etykietowanie. Jako firma dystrybucyjna i produkcyjna jeste\u015bmy skoncentrowani na kreatywnym, pod\u0105\u017caj\u0105cemu za [&hellip;]<\/p>\n","protected":false},"author":1,"featured_media":0,"parent":0,"menu_order":0,"comment_status":"closed","ping_status":"closed","template":"","meta":{"_acf_changed":false,"_et_pb_use_builder":"on","_et_pb_old_content":"","_et_gb_content_width":"","inline_featured_image":false,"footnotes":""},"class_list":["post-551","page","type-page","status-publish","hentry"],"acf":[],"_links":{"self":[{"href":"https:\/\/bsdistribution.pl\/sklep\/wp-json\/wp\/v2\/pages\/551","targetHints":{"allow":["GET"]}}],"collection":[{"href":"https:\/\/bsdistribution.pl\/sklep\/wp-json\/wp\/v2\/pages"}],"about":[{"href":"https:\/\/bsdistribution.pl\/sklep\/wp-json\/wp\/v2\/types\/page"}],"author":[{"embeddable":true,"href":"https:\/\/bsdistribution.pl\/sklep\/wp-json\/wp\/v2\/users\/1"}],"replies":[{"embeddable":true,"href":"https:\/\/bsdistribution.pl\/sklep\/wp-json\/wp\/v2\/comments?post=551"}],"version-history":[{"count":30,"href":"https:\/\/bsdistribution.pl\/sklep\/wp-json\/wp\/v2\/pages\/551\/revisions"}],"predecessor-version":[{"id":1284,"href":"https:\/\/bsdistribution.pl\/sklep\/wp-json\/wp\/v2\/pages\/551\/revisions\/1284"}],"wp:attachment":[{"href":"https:\/\/bsdistribution.pl\/sklep\/wp-json\/wp\/v2\/media?parent=551"}],"curies":[{"name":"wp","href":"https:\/\/api.w.org\/{rel}","templated":true}]}}